*p + 3. Calculate the remainder when h is divided by 13.
10
Suppose 0 = 8*n - 7*n + 5, 4*c - 2193 = -3*n. Let u = c + -482. What is the remainder when 209 is divided by u?
69
Let s(w) = -8*w**3 - 7*w**3 - 25*w + 16*w**3 + 25 - 23*w**2 + 6. Calculate the remainder when 75 is divided by s(24).
5
Suppose 24 = c + 23*c. Let w(t) = 53*t**2 + 4*t - 4. Calculate the remainder when w(c) is divided by 29.
24
Suppose -57*i - 5*t + 655 = -54*i, 4*t = -3*i + 650. Calculate the remainder when 650 is divided by i.
20
Let l = -72 + 72. Suppose 9*r - 420 + 42 = l. Let f(z) = -z**3 - 9*z**2 - 7*z + 19. What is the remainder when r is divided by f(-8)?
9
Let o(k) = k**3 - 9*k**2 - 531*k + 103. What is the remainder when 224 is divided by o(28)?
93
Let k be (1 + -19)*2*(-6)/36. Suppose k*g = 10*g - 68. Calculate the remainder when g is divided by 5.
2
Let n = 54 + -32. Let z = -44 - n. What is the remainder when (z/(-8))/(102/24 + -4) is divided by 6?
3
Let h = 282 + -287. Let g = h - -15. Suppose 2*k - 125 = 109. Calculate the remainder when k is divided by g.
7
What is the remainder when (-8 + 875/2)*(2 + 0) is divided by 88?
67
Let k = -2500 - -2537. Calculate the remainder when 1292 is divided by k.
34
Let p = -657 - -1018. Suppose -n = -5*y - 28 - 58, 0 = -n - 4*y + 41. What is the remainder when p is divided by n?
56
Let k(y) = 15*y + 106. Let g(u) = -45*u - 317. Let m(v) = -4*g(v) - 11*k(v). What is the remainder when m(0) is divided by 21?
18
Let n = 357 + -149. Calculate the remainder when n is divided by 48/2 + -11 + 1.
12
Calculate the remainder when (-4192)/5*((-156)/8 + 17) is divided by 1043.
10
Let y be -122 + -17 - -1*4. What is the remainder when -5 - ((-18)/y + 1247/(-15)) is divided by 1?
0
Calculate the remainder when 1570 is divided by (604/(-12))/(32/(-144)*(-6)/(-4)).
60
Let h = -38 + 64. Suppose 22*x - 271 = -2*z + 23*x, 3*z - 399 = 3*x. Calculate the remainder when z is divided by h.
8
Let j(x) = 129*x - 351. Calculate the remainder when 283 is divided by j(3).
31
Let c = 503 - 321. What is the remainder when 38 is divided by c/39*(0 + 3 - 0)?
10
Let s = 188 + -315. Let f = s - -145. Suppose 0 = -3*n - 5 + 29. What is the remainder when f is divided by n?
2
Let i(w) = -w**3 + w + 0*w**3 + 3*w**2 + 7*w**2 - 7. Let j be i(10). Suppose -j = -4*x + 97. What is the remainder when x is divided by 15?
10
Let c = 18212 - 13040. What is the remainder when c is divided by 23?
20
Suppose -r + 546 = 4*q + r, -136 = -q - r. Let c = q + -49. What is the remainder when c is divided by 15?
13
What is the remainder when 434 is divided by (0 - (-5 + 3))/((-8)/(-156))?
5
Suppose z - 3*v - 244 = 0, 995*z + 5*v = 990*z + 1380. Calculate the remainder when z is divided by 6.
4
Suppose -3 = -6*q + 7*q, 4*y - 3*q = 125. Calculate the remainder when (-9)/(-2*12/448) is divided by y.
23
Let o = 67 + -216. Let z = o + 174. Calculate the remainder when 36 is divided by z.
11
Let x(r) = -31*r - 27. Suppose -3*p = -19 + 7, 0 = -5*y + 5*p - 40. What is the remainder when x(y) is divided by 35?
27
Let h = -1539 + 3566. Calculate the remainder when h is divided by 92.
3
What is the remainder when 145126/46 - (-134)/1541 is divided by 81?
77
Let m(o) = -584*o - 1717. Let g = 28 + 30. Calculate the remainder when g is divided by m(-3).
23
Let x = -48 - -48. Let w be x*(-3 + 4)/2. Suppose w = -10*l - 44 + 144. Calculate the remainder when 17 is divided by l.
7
Suppose 3*p - 73 = 74. Suppose 48*h + 18 = p*h. Suppose -12*v = -h*v + 90. What is the remainder when 30 is divided by v?
0
Suppose 4*c = 8*n - 8212, n + 4109 = 5*n - 3*c. Calculate the remainder when n is divided by 22.
13
Let t(d) = -107*d + 22*d**2 - 16*d**2 - 109 + 124. What is the remainder when 193 is divided by t(18)?
28
Suppose j + 13 = 5*g, -3*g = -4*j - 2*g - 14. Suppose 44*c = -7*c + 612. Calculate the remainder when 82 - 0 - (-3 - j) is divided by c.
10
Let x(z) = z**3 + 18*z**2 + 31*z + 28. Let w be x(-16). Suppose y + v = 40, 8*y - 7*y - 3*v = w. Calculate the remainder when 286 is divided by y.
40
What is the remainder when 1911/(-84) + 21 + 1215/4 is divided by 296?
6
Let a be 1*2/4*-10. Let q be 7 + (-1 - (-3 - a - -1)). What is the remainder when (-7)/((-2)/36*q) is divided by 11?
9
Suppose -3 = w + 10. Let z = w - -15. What is the remainder when 101 is divided by (-11 - 6)/(z/(-2))?
16
Suppose 0 = r + 5*o - 4, -9*o = 5*r - 10*o - 150. Suppose 5*g + 0*g - 370 = 0. What is the remainder when g is divided by r?
16
Let j(s) = 3*s**2 - 74*s - 62. What is the remainder when j(32) is divided by 170?
132
Let r = -36728 + 58311. What is the remainder when r is divided by 15?
13
Let y(q) = -q**3 - 16*q**2 + 25*q + 119. Let m(u) = -u**2 + 1. Let d(s) = 6*m(s) - y(s). Let z = 16 - 7. Calculate the remainder when d(-11) is divided by z.
5
Suppose 0 = -j - n + 9, 4*j + n = 31 + 20. Let a = 28 - j. Calculate the remainder when -34*(2/8 + (-81)/36) is divided by a.
12
Let h = 1 - 10. Let c = h - -17. Suppose 4*y = -3*b + 7, y - 98 + 70 = -2*b. Calculate the remainder when b is divided by c.
5
Let j(d) = -25*d**3 - 2*d**2 + 4*d + 2. Let c be j(-3). Let p = c - 601. What is the remainder when p is divided by 30?
16
Let r(k) = -k**3 - 5 - 4 + 31*k**2 + 36*k - 66*k**2 + 22*k**2. What is the remainder when r(-16) is divided by 64?
55
Suppose 2*d = 35 + 11. Let z = 86 + -47. Let c = z - -5. Calculate the remainder when c is divided by d.
21
Let h(v) = 126*v**2 + 2*v + 4. Suppose -29*j + 16*j + 13 = 0. What is the remainder when h(j) is divided by 39?
15
Let h(m) = -27*m + 1. Suppose -s = 2*y + 7, 4*s - 24*y - 56 = -20*y. What is the remainder when h(-4) is divided by s?
4
Suppose -2733 - 1747 = -56*a. What is the remainder when (472/(-3))/((-4)/6) is divided by a?
76
Let v = -15 + 13. Let a(q) = -4*q + 2. Let y be a(v). Let r = 11 + y. Calculate the remainder when r is divided by 11.
10
Let k = -2114 + 2151. Calculate the remainder when 413 is divided by k.
6
Let w be (24/(-16))/(2/216). Suppose 4*d + 5*u - 8 - 32 = 0, 17 = 5*d - 2*u. Calculate the remainder when (3/(-9))/(6/w) is divided by d.
4
Suppose 35 = 4*z + i, -1 = z + 17*i + 74. Let g(a) = 12*a**3 + 2*a - 1. Calculate the remainder when g(2) is divided by z.
9
Let y be 6/5*10/(-3). Let g = 519 + -473. Calculate the remainder when g is divided by (-2)/y - (-186)/12.
14
Let c(m) = -m**3 - 3*m**2 + m + 8. Suppose -10 = 5*l + 10. Calculate the remainder when c(l) is divided by 1/(68/32 - 2).
4
What is the remainder when 422 is divided by 142/((-16)/168 + 46/42)?
138
Suppose -5*k - 3*q + 59 = 0, 5*q - 19 = 4*k - 81. Calculate the remainder when ((-744)/(-15))/(2/10) is divided by k.
1
Suppose 2 - 16664 = -201*n + 7257. Calculate the remainder when 820 is divided by n.
106
Suppose 57*n - 889 + 34 = 0. Let w be (1 + 2)*-2*-3. What is the remainder when n is divided by (-2)/9 + 202/w?
4
Suppose 2*w + 210 = 2*v, 523*w - 24 = 520*w. What is the remainder when v is divided by 71?
42
Let o = 186 - -56. What is the remainder when o is divided by 55?
22
Suppose 15*j - 13*j = 3*a - 30, 2*j = -6. Let g = 10 + -8. Suppose -a = -2*r + 3*x + 4, 5 = r - g*x. What is the remainder when r is divided by 3?
0
Let r be ((-258)/2)/((-15)/(-10)). Suppose 6 + 14 = -10*g. Calculate the remainder when (-7)/7*r/(g + 4) is divided by 11.
10
Suppose -613 = 2*l + 4*h - 2543, 3*h - 1926 = -2*l. What is the remainder when l is divided by 64?
61
Let u(l) = 2*l + 24. Suppose 0 = 5*q + 4*f + 55, 4*f = 5*q + 16 - 1. Let o be u(q). Suppose -6*y + o = -218. What is the remainder when y is divided by 13?
12
Calculate the remainder when 3474 is divided by (-6)/(9 + -3)*(-11 + -26).
33
Let k be 0/((2/4)/((-19)/76)). Suppose k = -o + 17 + 1. Calculate the remainder when 64 is divided by o.
10
Suppose 1422*z - 1448*z + 364 = 0. Calculate the remainder when 444 is divided by z.
10
Suppose 23*g - 10*g = 299. What is the remainder when -24*35/(-45)*6 is divided by g?
20
Suppose -88*v - 1743 = -95*v. Calculate the remainder when v is divided by -5 - (-16)/4 - -15.
11
Let j be (-23508)/(-24)*(-8)/12. Let a = j + 696. Calculate the remainder when a is divided by 17.
9
Calculate the remainder when (-306 - -300) + (0/(-2) - -1062) is divided by 56.
48
Suppose -2*d + 1020 = -4*y, -4*d + 6*d = 3*y + 1026. What i